{"id":418,"date":"2024-03-07T18:22:59","date_gmt":"2024-03-07T17:22:59","guid":{"rendered":"https:\/\/waldgarten-britz.de\/home\/?page_id=418"},"modified":"2026-01-20T20:53:21","modified_gmt":"2026-01-20T19:53:21","slug":"unterstuetzen","status":"publish","type":"page","link":"https:\/\/waldgarten-britz.de\/home\/unterstuetzen\/","title":{"rendered":"Unterst\u00fctzen"},"content":{"rendered":"\n<h3 class=\"wp-block-heading\"><strong>Jeder Beitrag hilft dem Waldgarten zu wachsen!<\/strong><\/h3>\n\n\n\n<p>Wir sind ein gemeinn\u00fctziger Verein. Mit Deiner Unterst\u00fctzung besorgen wir beispielsweise Materialien f\u00fcr den Bau von Wildbienen-Nisthilfen oder schaffen Einrichtungen, die den Waldgarten f\u00fcr Pflanzen, tierische Bewohner und menschliche Besucher noch sch\u00f6ner machen &#8211; <strong>vielen Dank!<\/strong><\/p>\n\n\n\n<div style=\"height:80px\" aria-hidden=\"true\" class=\"wp-block-spacer\"><\/div>\n\n\n\n<h4 class=\"wp-block-heading\"><strong>Allgemeine Spende<\/strong><\/h4>\n\n\n\n<script type=\"text\/javascript\">\n  \/* Configure at https:\/\/www.betterplace.org\/de\/manage\/projects\/167832-der-berliner-waldgarten-als-klimaresilienter-biodiversitaetsort\/iframe_donation_form\/new *\/\n  var _bp_iframe        = _bp_iframe || {};\n  _bp_iframe.project_id = 167832; \/* REQUIRED *\/\n  _bp_iframe.lang       = 'de'; \/* Language of the form *\/\n  _bp_iframe.width = 600; \/* Custom iframe-tag-width, integer *\/\n  _bp_iframe.color = '3aaa35'; \/* Button and banderole color, hex without \"#\" *\/\n  _bp_iframe.background_color = 'ffffff'; \/* Background-color, hex without \"#\" *\/\n  _bp_iframe.default_amount = 50; \/* Donation-amount, integer 1-99 *\/\n  _bp_iframe.recurring_interval = 'single'; \/* Interval for recurring donations, string out of single, monthly und yearly *\/\n  _bp_iframe.bottom_logo = true;\n  (function() {\n    var bp = document.createElement('script'); bp.type = 'text\/javascript'; bp.async = true;\n    bp.src = 'https:\/\/betterplace-assets.betterplace.org\/assets\/load_donation_iframe.js';\n    var s = document.getElementsByTagName('script')[0]; s.parentNode.insertBefore(bp, s);\n  })();\n<\/script>\n<div id=\"betterplace_donation_iframe\" style=\"background: transparent url('https:\/\/www.betterplace.org\/assets\/new_spinner.gif') 275px 20px no-repeat;\"><strong><a href=\"https:\/\/www.betterplace.org\/de\/donate\/platform\/projects\/167832-der-berliner-waldgarten-als-klimaresilienter-biodiversitaetsort\" target=\"_blank\" rel=\"noopener\">Jetzt Spenden f\u00fcr \u201eDer Berliner Waldgarten als klimaresilienter Biodiversit\u00e4tsort\u201c bei unserem Partner betterplace.org<\/a><\/strong><\/div>\n\n\n\n\n<div style=\"height:30px\" aria-hidden=\"true\" class=\"wp-block-spacer\"><\/div>\n\n\n\n<h4 class=\"wp-block-heading\" id=\"spendenaktion\"><strong>Spendenaktion unterst\u00fctzen<\/strong><\/h4>\n\n\n\n<p>Im Waldgarten gibt es immer etwas zu verbessern &#8211; neue Gie\u00dfschl\u00e4uche, Werkzeug oder Material f\u00fcr ein bestimmtes Projekt. Hier kannst Du eigene Spendenprojekte erstellen oder bestimmte Projekte direkt unterst\u00fctzen.<\/p>\n\n\n<div class=\"twingle-block\">\n    <div id=\"twingle-event\"><\/div>\n<script>\n\tif(typeof __twingleFindGetParameter !== \"function\") {\n        window.__twingleFindGetParameter = function() {\n            var result = \"\",\n                tmp = [];\n            var items = location.search.substr(1).split(\"&\");\n            for (var index = 0; index < items.length; index++) {\n                tmp = items[index].split(\"=\");\n                if (tmp[0].indexOf(\"tw_\") === 0) result += tmp[0] + \"=\" + decodeURIComponent(tmp[1]) + \"&\";\n            }\n            return result;\n        }\n    }\n\tvar __twingleEventIframe = document.createElement(\"iframe\");\n    __twingleEventIframe.height = \"1200\";\n    __twingleEventIframe.loading = \"lazy\";\n    __twingleEventIframe.allow = \"payment\";\n    __twingleEventIframe.style = {width: \"100%\", border: \"none\", overflow: \"hidden\", height: \"1200px\"};\n    __twingleEventIframe.scrolling = \"no\";\n    __twingleEventIframe.src = \"https:\/\/spenden.twingle.de\/event\/genericorganisation\/tw6832d6570fd1a?rand=\" + Math.random().toString(36).substr(2, 9);\n    var parameters = __twingleFindGetParameter();\n    if(parameters) {\n        __twingleEventIframe.src += \"&\" + parameters;\n    }\n\n\tdocument.getElementById(\"twingle-event\").appendChild(__twingleEventIframe);\n<\/script>\n<script src=\"https:\/\/spenden.twingle.de\/embed\/generic\"><\/script>\n<\/div>\n\n\n\n<div style=\"height:80px\" aria-hidden=\"true\" class=\"wp-block-spacer\"><\/div>\n\n\n\n<h4 class=\"wp-block-heading\" id=\"vereinsraum\"><strong>Vereinsraum f\u00f6rdern<\/strong><\/h4>\n\n\n\n<p>F\u00fcr die Waldg\u00e4rtnernden steht ein zug\u00e4nglicher Raum zur Verf\u00fcgung. Damit dieser jedes Jahr angeboten werden kann, bitten wir einmal j\u00e4hrlich um Deine Unterst\u00fctzung:<\/p>\n\n\n<script type=\"text\/javascript\">\n            (function() {\n                var u=\"https:\/\/spenden.twingle.de\/embed\/genericorganisation\/genericproject\/tw692d7c547cffa\/widget\";\n                var id = '_' + Math.random().toString(36).substr(2, 9);\n                var d=document, g=d.createElement('script'), s=d.getElementsByTagName('script')[0], t=d.createElement('div');\n                t.id = 'twingle-public-embed-' + id;\n                document.currentScript.after(t);\n                g.type='text\/javascript'; g.async=true; g.defer=true; g.src=u+'\/'+id; s.parentNode.insertBefore(g,s);\n            })();\n        <\/script>\n\n\n<style>\n.twingle-block iframe {<br \/>\n    min-height: 1000px !important;<br \/>\n    height: auto !important;<br \/>\n}<br \/>\n<\/style>\n\n\n<div style=\"height:80px\" aria-hidden=\"true\" class=\"wp-block-spacer\"><\/div>\n\n\n\n<p>Du findest den Waldgarten \u00fcbrigens auch bei:<\/p>\n\n\n\n<div style=\"display:flex; justify-content:center;\">\n  <iframe loading=\"lazy\" frameborder=\"0\" marginheight=\"0\" marginwidth=\"0\"\n    src=\"https:\/\/project-widget.betterplace.org\/projects\/167832?l=de&amp;donate_button=true\"\n    width=\"320\" height=\"103\"\n    style=\"border:0; padding:0; margin:0;\">\n  <\/iframe>\n<\/div>\n","protected":false},"excerpt":{"rendered":"<p>Jeder Beitrag hilft dem Waldgarten zu wachsen! Wir sind ein gemeinn\u00fctziger Verein. Mit Deiner Unterst\u00fctzung besorgen wir beispielsweise Materialien f\u00fcr den Bau von Wildbienen-Nisthilfen oder schaffen Einrichtungen, die den Waldgarten f\u00fcr Pflanzen, tierische Bewohner und menschliche Besucher noch sch\u00f6ner machen &#8211; vielen Dank! Allgemeine Spende Jetzt Spenden f\u00fcr \u201eDer Berliner Waldgarten als klimaresilienter Biodiversit\u00e4tsort\u201c bei [&hellip;]<\/p>\n","protected":false},"author":1,"featured_media":0,"parent":0,"menu_order":0,"comment_status":"closed","ping_status":"closed","template":"","meta":{"_acf_changed":false,"footnotes":""},"class_list":["post-418","page","type-page","status-publish","hentry"],"acf":[],"_links":{"self":[{"href":"https:\/\/waldgarten-britz.de\/home\/wp-json\/wp\/v2\/pages\/418","targetHints":{"allow":["GET"]}}],"collection":[{"href":"https:\/\/waldgarten-britz.de\/home\/wp-json\/wp\/v2\/pages"}],"about":[{"href":"https:\/\/waldgarten-britz.de\/home\/wp-json\/wp\/v2\/types\/page"}],"author":[{"embeddable":true,"href":"https:\/\/waldgarten-britz.de\/home\/wp-json\/wp\/v2\/users\/1"}],"replies":[{"embeddable":true,"href":"https:\/\/waldgarten-britz.de\/home\/wp-json\/wp\/v2\/comments?post=418"}],"version-history":[{"count":30,"href":"https:\/\/waldgarten-britz.de\/home\/wp-json\/wp\/v2\/pages\/418\/revisions"}],"predecessor-version":[{"id":815,"href":"https:\/\/waldgarten-britz.de\/home\/wp-json\/wp\/v2\/pages\/418\/revisions\/815"}],"wp:attachment":[{"href":"https:\/\/waldgarten-britz.de\/home\/wp-json\/wp\/v2\/media?parent=418"}],"curies":[{"name":"wp","href":"https:\/\/api.w.org\/{rel}","templated":true}]}}